 2*n**2. Let y(c) be the first derivative of i(c). Give y(-1).
-1
Suppose 1 = -5*f - 9. Let x(j) be the second derivative of 3*j + 1/2*j**2 - 1/3*j**3 + 0. Give x(f).
5
Let f = -18 - -19. Let l(r) = 0 - 1 - 2*r**3 - 4*r**3. Calculate l(f).
-7
Let c(l) = -1. Let m(d) = -d**2 - 8*d + 1. Let r(y) = -5*c(y) - m(y). Calculate r(-5).
-11
Suppose -4*d + 9 - 1 = 0. Let t(y) = y. Let q be t(d). Let p(j) = q*j + 3*j - 4*j. Give p(-1).
-1
Let k(q) be the third derivative of -2*q**2 + 0*q + 2/3*q**3 + 0 + 1/8*q**4. Give k(-4).
-8
Let w(u) = -11*u - 1. Let n = 10 - 9. Determine w(n).
-12
Let h(f) = -2*f**2 - 5*f + 4. Let d = -114 - -193. Let s = -46 + d. Suppose s = -2*x - 5*z, -2*z + 1 = -4*x + z. What is h(x)?
-8
Let w(t) = t**3 + t - 2. Let d be w(0). Let x(q) = -6*q**2 + 2*q + 4. Let g(z) = -z**2 + z + 1. Let p(b) = 5*g(b) - x(b). What is p(d)?
-1
Let p(j) be the third derivative of j**5/4 + 5*j**4/24 - 7*j**3/6 - 4*j**2. Let b(f) = 8*f**2 + 3*f - 4. Let l(y) = -5*b(y) + 3*p(y). Determine l(-1).
4
Suppose 4*t = t + 12. Suppose -4 = -0*r + t*r. Let z(h) = -1. Let p(j) = -5*j**2 - j - 2. Let x(o) = p(o) - z(o). Calculate x(r).
-5
Let j(u) = u + 5. Let y be j(-6). Let z(t) = -2*t - 1. Let g(f) = f. Let p(o) = -5*g(o) - z(o). What is p(y)?
4
Let t(w) = 5*w - 5. Let z(m) = 14*m - 15. Let c(q) = -11*t(q) + 4*z(q). Determine c(6).
1
Let w(c) = 11 - c**2 + 8*c - 13 - c - c. Calculate w(6).
-2
Let m be 69/12 + 2/8. Let c(d) = d**2 - 6*d + 1. Determine c(m).
1
Let j(n) = n**2 - 1. Let g(t) = -7*t**2 + t + 1. Let b(a) = -g(a) - j(a). Give b(1).
5
Let v(p) = -2*p**2 + 2*p + 4. Let g(t) = -t**2 - 4*t + 35. Let w be g(-8). Calculate v(w).
-8
Suppose -48 = -5*o - 7*o. Let i(d) = -d**3 + 5*d**2 - 3*d - 5. What is i(o)?
-1
Let n be ((-8)/6)/(4/(-6)). Suppose t = 2*r - n, 0 = -r + 2*r - 2. Let s(l) be the third derivative of l**5/20 - l**4/12 - l**3/6 + 5*l**2 + 5. Calculate s(t).
7
Let s = -2 - -5. Let k(l) = 2 - l + 0*l**s - 3*l + 6*l**2 - l**3. Let b be (-3 + 13)/(2 + (0 - 0)). Give k(b).
7
Let y(t) = -t + 5. Let n(a) = -a + 4. Let j be n(0). Let i be y(j). Let w(d) = 0*d - d + 1 - 2*d + 5*d. Calculate w(i).
3
Let g(q) = q**3 + 7*q**2 - 9*q - 3. Suppose -5*c - 88 = 6*c. Determine g(c).
5
Suppose 2*u - 4*u - 54 = 0. Let o = 19 + u. Let x = 12 + o. Let l(i) = -i + 4. What is l(x)?
0
Let l(i) be the second derivative of 1/60*i**5 - i**2 + 0 - 1/120*i**6 + i + 1/6*i**3 - 1/24*i**4. Let v(x) be the first derivative of l(x). Determine v(1).
0
Let q(g) = g**3 + 7*g**2 + 7*g - 2. Suppose -2*c = 3 - 19. Suppose 0 = x - 2 + c. Determine q(x).
-8
Let f = 44 - 41. Let b(z) = 4 + 7*z**3 - 3*z**3 - 3*z**3 - 2*z**2 + 0*z**3 - 4*z. Determine b(f).
1
Let a(m) = -m - 6. Let t(o) = 1. Let z(x) = -a(x) - 2*t(x). Calculate z(-9).
-5
Let u(p) = 5*p**2 - 26*p - 19. Let b(n) = n**2 - 5*n - 4. Let l(i) = -11*b(i) + 2*u(i). Suppose -26 = -5*a - 1. Calculate l(a).
-4
Let u be 6 - (4 + (2 - 3)). Let v(z) = -6*z - 4 - z**2 + u*z - 3*z. Determine v(-4).
4
Let z(l) = 5*l**3 + 2*l**2 + 2*l + 1. Let c(p) = p**2 + 4*p + 0*p**2 - 3*p. Let s be c(0). Suppose s = -4*q + i - 7, q - 4*q + 9 = 4*i. Determine z(q).
-4
Let y(c) = c**2 - 65*c**3 + 66*c**3 + 8*c - 2*c - 9*c**2 + 2. Suppose 3*n - 32 = -11. Calculate y(n).
-5
Let b(q) = q + 2. Let x be b(0). Suppose 3*p - 5*y = 15, -3*p = x*p + 5*y - 25. Let n(r) be the third derivative of r**4/24 - 7*r**3/6 - r**2. What is n(p)?
-2
Let s = -76 + 81. Let p(x) = -x**3 + 5*x**2 - x - 5. Determine p(s).
-10
Let b = 10 + -16. Let s(t) = t**3 + 5*t**2 - 7*t. Determine s(b).
6
Let n(i) be the first derivative of -3*i**2 - i + 44. Give n(2).
-13
Let s(x) = x - 4. Let w(o) = -o + 3. Let h be w(-6). Let i be s(h). Let p(a) = -a**2 + 4*a + 5. What is p(i)?
0
Let s be 9*(-4)/(-6)*-1. Let k = s - -9. Let t(j) be the third derivative of j**6/120 - j**5/60 - 5*j**4/24 + j**3/3 + 3*j**2. Determine t(k).
5
Let x be 0*1*(-1)/(-2). Suppose x = -b + 3*b. Let c(y) = y**2 + y + 6. Give c(b).
6
Suppose -2*z - 9 = -4*w + 3, -5*w = -z - 12. Let r(j) be the second derivative of 0 - 1/2*j**2 + 1/3*j**3 - 8*j. Calculate r(z).
-5
Let s(x) = 4*x**3 + 5*x**2 + 5*x + 5. Let w(u) = u**3 + u. Let i(f) = -s(f) + 5*w(f). Calculate i(5).
-5
Let x(c) = -c**3 - 6*c**2 + 4. Let s be x(-6). Let q(f) be the second derivative of f**5/20 - f**4/4 - f**3 + 3*f**2/2 - 2*f. Give q(s).
-5
Let n(j) = j**2 + 5*j - 7. Let z = 21 - 27. Calculate n(z).
-1
Suppose 0 = -l + 3*l + 8. Let x(z) be the third derivative of z**3/6 + 6*z**2. Let a(c) = c + 4. Let n(v) = l*x(v) + a(v). What is n(2)?
2
Let s(d) = -12*d - 2. Let p(k) = 3*k + 2. Let n(x) = -2*x - 1. Let g(z) = -9*n(z) - 4*p(z). Let t(o) = -5*g(o) - 3*s(o). Determine t(-1).
-5
Let f(r) = -r**3 + 5*r**2 - 3*r + 4. Let d(x) = 18*x**2 - x. Let u be d(-1). Let p = -7 + u. Let s be p/2 - 10/5. Give f(s).
8
Let p(r) = -8*r - 2*r**2 - 8 + r**2 + 2. Give p(-5).
9
Let t(q) = -6*q**2 - q + 1. Let u(a) = -a**3 + a**2 + 1. Suppose 2*z - 4*z = 0. Let p be u(z). Let y be 2 - p/(-3)*-3. Calculate t(y).
-6
Let x(s) = -s**2 - 5*s + 3. Let p be x(-5). Suppose -3*y = -0*y - 6. Let h(q) = -p + 4*q + q**3 + q**y + 5 + 5*q**2. Calculate h(-2).
10
Suppose 7*k = 4*k - 12. Let h(i) = -i**3 - 4*i**2 + 2. What is h(k)?
2
Let l = -1 + 3. Let a(u) = -2*u**2 + 6*u + l*u**2 + u**2. Let z be a(-5). Let y(p) = -p**2 - 5*p. Determine y(z).
0
Let s = -35 - -32. Let f(x) = -5*x + 2. Let m(w) = 9*w - 3. Let q(v) = 5*f(v) + 3*m(v). Give q(s).
-5
Suppose -24 = 3*f + f. Let p = 10 + f. Let v(s) = s**2 - 4*s - 3. What is v(p)?
-3
Suppose -5*r + 15 = -2*r. Let u(b) = 0 + r*b**2 - 6*b**2 + 0 + 4*b. What is u(4)?
0
Let i be (8/6)/((-6)/(-27)). Let a(j) = j + 7. Let u be a(-5). Let z(y) = u - 9 + 9*y + 0*y - 7*y. Calculate z(i).
5
Let w(q) = -4*q - 3. Let b be w(-2). Let u = 0 - 0. Let n(k) = 1 + u - 6*k + 4 + k**2. Calculate n(b).
0
Let o(k) = 2 + 0 + 0 + k. Let w be (16 + 1)*(3 + -2). Suppose l + w = -5*n, 3*n + 3*l = 6*l - 3. What is o(n)?
-1
Suppose 0 = -4*i + 4 + 8. Suppose 3*c = 5*j + 28, 7*c - 3*j - 30 = i*c. Let r(g) = g**3 - 7*g**2 + 6*g. Determine r(c).
0
Let v(g) = g + 1. Let p = -5 - -1. Calculate v(p).
-3
Suppose 24*d - 26*d + 10 = 0. Let r(j) = 0*j**3 + 0 - 5 - j**3 - 6*j + 6*j**2. Calculate r(d).
-10
Let a(n) = 6*n**3 - n**2 - 7*n + 7. Let z(t) = t**3 - t + 1. Let u = -18 + 17. Let r(b) = u*a(b) + 5*z(b). Calculate r(2).
-2
Let t(f) = 17*f - 3. Let p be t(6). Let b be 6/8 - p/(-44). Let u(h) = 4*h + b*h**2 - 3 - 2*h**2 + 0. Calculate u(-5).
2
Suppose 0 = 2*s - 5*g - 25, -3*g - 2 = 4*s + 13. Let x(q) = -5*q + 1 + q**2 + 4*q + 2*q. Give x(s).
1
Let r(z) = -5*z - 10. Let d(f) = 9*f + 20. Suppose -2*t + 21 = 3*o, -3*t + 20 = 5*o - 15. Let q(x) = o*r(x) + 4*d(x). What is q(-6)?
4
Let z(w) = -7*w**2 + 9*w - 2. Let r(x) = 13*x**2 - 17*x + 3. Let a(v) = 6*r(v) + 11*z(v). Let h be a(4). Let g(o) = -o**2 - o + 2. What is g(h)?
2
Let o(k) = -k**3 + 3*k**2 - k + 15. Let h(a) = -a**3 + a**2 + 1. Let y(m) = -2*h(m) + o(m). What is y(0)?
13
Let h(q) be the first derivative of q**2/2 - 4*q + 8. Give h(2).
-2
Let u(c) = -c**3 + 3*c**2 + 5*c - 2. Let f(y) = 3*y + 10. Let q be 27/(-4) + (-1)/4. Let k be f(q). Let b = -7 - k. Give u(b).
2
Let i = -10 + 12. Let o(q) be the first derivative of q**3/3 + q**2/2 + 2*q + 7. What is o(i)?
8
Suppose -11 = 5*c + 4. Let f(b) = -5 + 7 + 2*b + 6. Let o(a) = 4*a + 15. Let g(n) = c*o(n) + 5*f(n). Give g(-4).
3
Let t(x) = -x**2 - 3*x + 2. Let g be (6*-1 - -2) + 3/3. Give t(g).
2
Suppose -2*g + 4 = -4*g. Suppose 5*h - 10 - 10 = 0. Let b(i) = h*i - 5*i**2 - 3*i + 4*i**2. What is b(g)?
-6
Let x(s) = s**2 - 9*s + 15. Let v be x(6). Let i(z) = -z**3 - 2*z**2 - z - 2. Calculate i(v).
10
Let h = -28 + 30. Let t(m) = -3*m - 6*m**2 + 6*m**h + m**2 - 2 + m. What is t(3)?
1
Suppose 0 = -0*r - 3*r + 6. Let g(q) = q + q**2 + 3 - 4*q + q - r + q**3. Calculate g(-2).
1
Let a(m) be the first derivative of -m**3/3 - m**2 + 2*m + 3. Determine a(2).
-6
Let w be 16/20*10/4. Let j(d) = d - 4*d + w*d + 11. Suppose f = 3*f. What is j(f)?
11
Let a be 1*2/(-4)*12. Let g(q) be the third derivative of -q**5/120 - q**4/4 - q**3/2 + q**2. Let r(z) be the first derivative of g(z). Determine r(a).
0
Let j(f) = f**3 + 13*f**2 + 12*f + 4. Let y be j(-12). Suppose 0 = -b + 2 - y. Let a(z) = -z**3 - z**